[INFO] fetching crate romulan 0.1.1...
[INFO] checking romulan-0.1.1 against master#9610dfe5a9a731ced1ea4923ecbd0c57fe367898 for beta-170-4
[INFO] extracting crate romulan 0.1.1 into /workspace/builds/worker-0-tc1/source
[INFO] validating manifest of crates.io crate romulan 0.1.1 on toolchain 9610dfe5a9a731ced1ea4923ecbd0c57fe367898
[INFO] running `Command { std: CARGO_HOME="/workspace/cargo-home" RUSTUP_HOME="/workspace/rustup-home" "/workspace/cargo-home/bin/cargo" "+9610dfe5a9a731ced1ea4923ecbd0c57fe367898" "metadata" "--manifest-path" "Cargo.toml" "--no-deps", kill_on_drop: false }`
[INFO] started tweaking crates.io crate romulan 0.1.1
[INFO] finished tweaking crates.io crate romulan 0.1.1
[INFO] tweaked toml for crates.io crate romulan 0.1.1 written to /workspace/builds/worker-0-tc1/source/Cargo.toml
[INFO] crate crates.io crate romulan 0.1.1 already has a lockfile, it will not be regenerated
[INFO] running `Command { std: CARGO_HOME="/workspace/cargo-home" RUSTUP_HOME="/workspace/rustup-home" "/workspace/cargo-home/bin/cargo" "+9610dfe5a9a731ced1ea4923ecbd0c57fe367898" "fetch" "--manifest-path" "Cargo.toml", kill_on_drop: false }`
[INFO] [stderr]     Updating crates.io index
[INFO] [stderr]  Downloading crates ...
[INFO] [stderr]   Downloaded redox_uefi v0.1.2
[INFO] running `Command { std: "docker" "create" "-v" "/var/lib/crater-agent-workspace/builds/worker-0-tc1/target:/opt/rustwide/target:rw,Z" "-v" "/var/lib/crater-agent-workspace/builds/worker-0-tc1/source:/opt/rustwide/workdir:ro,Z" "-v" "/var/lib/crater-agent-workspace/cargo-home:/opt/rustwide/cargo-home:ro,Z" "-v" "/var/lib/crater-agent-workspace/rustup-home:/opt/rustwide/rustup-home:ro,Z" "-e" "SOURCE_DIR=/opt/rustwide/workdir" "-e" "CARGO_TARGET_DIR=/opt/rustwide/target" "-e" "CARGO_HOME=/opt/rustwide/cargo-home" "-e" "RUSTUP_HOME=/opt/rustwide/rustup-home" "-w" "/opt/rustwide/workdir" "-m" "1610612736" "--user" "0:0" "--network" "none" "ghcr.io/rust-lang/crates-build-env/linux@sha256:19e73879b68f455e41552ea35293514db52ea292d993f571636dbffedb77a1ee" "/opt/rustwide/cargo-home/bin/cargo" "+9610dfe5a9a731ced1ea4923ecbd0c57fe367898" "metadata" "--no-deps" "--format-version=1", kill_on_drop: false }`
[INFO] [stdout] 7e6bf37e488926fbd1a8df06a94af0090381fc0976071c4ad472ab176ad32406
[INFO] running `Command { std: "docker" "start" "-a" "7e6bf37e488926fbd1a8df06a94af0090381fc0976071c4ad472ab176ad32406", kill_on_drop: false }`
[INFO] running `Command { std: "docker" "inspect" "7e6bf37e488926fbd1a8df06a94af0090381fc0976071c4ad472ab176ad32406", kill_on_drop: false }`
[INFO] running `Command { std: "docker" "rm" "-f" "7e6bf37e488926fbd1a8df06a94af0090381fc0976071c4ad472ab176ad32406", kill_on_drop: false }`
[INFO] [stdout] 7e6bf37e488926fbd1a8df06a94af0090381fc0976071c4ad472ab176ad32406
[INFO] running `Command { std: "docker" "create" "-v" "/var/lib/crater-agent-workspace/builds/worker-0-tc1/target:/opt/rustwide/target:rw,Z" "-v" "/var/lib/crater-agent-workspace/builds/worker-0-tc1/source:/opt/rustwide/workdir:ro,Z" "-v" "/var/lib/crater-agent-workspace/cargo-home:/opt/rustwide/cargo-home:ro,Z" "-v" "/var/lib/crater-agent-workspace/rustup-home:/opt/rustwide/rustup-home:ro,Z" "-e" "SOURCE_DIR=/opt/rustwide/workdir" "-e" "CARGO_TARGET_DIR=/opt/rustwide/target" "-e" "CARGO_INCREMENTAL=0" "-e" "RUST_BACKTRACE=full" "-e" "RUSTFLAGS=--cap-lints=forbid" "-e" "RUSTDOCFLAGS=--cap-lints=forbid" "-e" "CARGO_HOME=/opt/rustwide/cargo-home" "-e" "RUSTUP_HOME=/opt/rustwide/rustup-home" "-w" "/opt/rustwide/workdir" "-m" "1610612736" "--user" "0:0" "--network" "none" "ghcr.io/rust-lang/crates-build-env/linux@sha256:19e73879b68f455e41552ea35293514db52ea292d993f571636dbffedb77a1ee" "/opt/rustwide/cargo-home/bin/cargo" "+9610dfe5a9a731ced1ea4923ecbd0c57fe367898" "check" "--frozen" "--all" "--all-targets" "--message-format=json", kill_on_drop: false }`
[INFO] [stdout] cb2469616f6950899804da448ae6dd73cb725513d88438be3e1fed5db3d4eb9a
[INFO] running `Command { std: "docker" "start" "-a" "cb2469616f6950899804da448ae6dd73cb725513d88438be3e1fed5db3d4eb9a", kill_on_drop: false }`
[INFO] [stderr]     Checking plain v0.2.3
[INFO] [stderr]     Checking redox_uefi v0.1.2
[INFO] [stdout] error[E0507]: cannot move out of `self.Header` which is behind a shared reference
[INFO] [stdout]    --> /opt/rustwide/cargo-home/registry/src/index.crates.io-6f17d22bba15001f/redox_uefi-0.1.2/src/hii/ifr.rs:315:5
[INFO] [stdout]     |
[INFO] [stdout] 312 | #[derive(Debug)]
[INFO] [stdout]     |          ----- in this derive macro expansion
[INFO] [stdout] ...
[INFO] [stdout] 315 |     pub Header: IfrOpHeader,
[INFO] [stdout]     |     ^^^^^^^^^^^^^^^^^^^^^^^ move occurs because `self.Header` has type `IfrOpHeader`, which does not implement the `Copy` trait
[INFO] [stdout]     |
[INFO] [stdout]     = note: this error originates in the derive macro `Debug` (in Nightly builds, run with -Z macro-backtrace for more info)
[INFO] [stdout] 
[INFO] [stdout] 
[INFO] [stdout] error[E0507]: cannot move out of `self.Question` which is behind a shared reference
[INFO] [stdout]    --> /opt/rustwide/cargo-home/registry/src/index.crates.io-6f17d22bba15001f/redox_uefi-0.1.2/src/hii/ifr.rs:316:5
[INFO] [stdout]     |
[INFO] [stdout] 312 | #[derive(Debug)]
[INFO] [stdout]     |          ----- in this derive macro expansion
[INFO] [stdout] ...
[INFO] [stdout] 316 |     pub Question: IfrQuestionHeader,
[INFO] [stdout]     |     ^^^^^^^^^^^^^^^^^^^^^^^^^^^^^^^ move occurs because `self.Question` has type `IfrQuestionHeader`, which does not implement the `Copy` trait
[INFO] [stdout]     |
[INFO] [stdout]     = note: this error originates in the derive macro `Debug` (in Nightly builds, run with -Z macro-backtrace for more info)
[INFO] [stdout] 
[INFO] [stdout] 
[INFO] [stdout] error[E0507]: cannot move out of `self.Header` which is behind a shared reference
[INFO] [stdout]    --> /opt/rustwide/cargo-home/registry/src/index.crates.io-6f17d22bba15001f/redox_uefi-0.1.2/src/hii/ifr.rs:331:5
[INFO] [stdout]     |
[INFO] [stdout] 328 | #[derive(Debug)]
[INFO] [stdout]     |          ----- in this derive macro expansion
[INFO] [stdout] ...
[INFO] [stdout] 331 |     pub Header: IfrOpHeader,
[INFO] [stdout]     |     ^^^^^^^^^^^^^^^^^^^^^^^ move occurs because `self.Header` has type `IfrOpHeader`, which does not implement the `Copy` trait
[INFO] [stdout]     |
[INFO] [stdout]     = note: this error originates in the derive macro `Debug` (in Nightly builds, run with -Z macro-backtrace for more info)
[INFO] [stdout] 
[INFO] [stdout] 
[INFO] [stdout] error[E0507]: cannot move out of `self.Question` which is behind a shared reference
[INFO] [stdout]    --> /opt/rustwide/cargo-home/registry/src/index.crates.io-6f17d22bba15001f/redox_uefi-0.1.2/src/hii/ifr.rs:332:5
[INFO] [stdout]     |
[INFO] [stdout] 328 | #[derive(Debug)]
[INFO] [stdout]     |          ----- in this derive macro expansion
[INFO] [stdout] ...
[INFO] [stdout] 332 |     pub Question: IfrQuestionHeader,
[INFO] [stdout]     |     ^^^^^^^^^^^^^^^^^^^^^^^^^^^^^^^ move occurs because `self.Question` has type `IfrQuestionHeader`, which does not implement the `Copy` trait
[INFO] [stdout]     |
[INFO] [stdout]     = note: this error originates in the derive macro `Debug` (in Nightly builds, run with -Z macro-backtrace for more info)
[INFO] [stdout] 
[INFO] [stdout] 
[INFO] [stdout] error: aborting due to 4 previous errors
[INFO] [stdout] 
[INFO] [stdout] 
[INFO] [stdout] For more information about this error, try `rustc --explain E0507`.
[INFO] [stdout] 
[INFO] [stderr] error: could not compile `redox_uefi` (lib) due to 5 previous errors
[INFO] running `Command { std: "docker" "inspect" "cb2469616f6950899804da448ae6dd73cb725513d88438be3e1fed5db3d4eb9a", kill_on_drop: false }`
[INFO] running `Command { std: "docker" "rm" "-f" "cb2469616f6950899804da448ae6dd73cb725513d88438be3e1fed5db3d4eb9a", kill_on_drop: false }`
[INFO] [stdout] cb2469616f6950899804da448ae6dd73cb725513d88438be3e1fed5db3d4eb9a
